9614?
2, 7, 71, 719
List the prime factors of 1201994216.
2, 71, 2116187
List the prime factors of 3148877313.
3, 349875257
List the prime factors of 214234063.
19, 11275477
List the prime factors of 13318090.
2, 5, 227, 5867
What are the prime factors of 63015740?
2, 5, 3150787
What are the prime factors of 373428780?
2, 3, 5, 6223813
What are the prime factors of 503165308?
2, 125791327
What are the prime factors of 16607154?
2, 3, 37, 239, 313
List the prime factors of 14726638.
2, 7363319
What are the prime factors of 23473198?
2, 7, 461, 3637
List the prime factors of 187407173.
187407173
What are the prime factors of 125450972?
2, 31362743
List the prime factors of 101359139.
7, 14479877
What are the prime factors of 39086456?
2, 4885807
What are the prime factors of 370526043?
3, 31, 128521
List the prime factors of 44530610.
2, 5, 37, 61, 1973
What are the prime factors of 77203588?
2, 7, 11, 367, 683
What are the prime factors of 1164723075?
3, 5, 5176547
List the prime factors of 219595872.
2, 3, 307, 7451
What are the prime factors of 177660589?
177660589
What are the prime factors of 52788613?
29, 211, 8627
List the prime factors of 574392908.
2, 29, 73, 2339
What are the prime factors of 9680322?
2, 3, 167, 9661
List the prime factors of 34405954.
2, 11, 151, 10357
List the prime factors of 63263682.
2, 3, 3514649
What are the prime factors of 126801930?
2, 3, 5, 41, 103091
List the prime factors of 2752086140.
2, 5, 17, 137, 59083
List the prime factors of 102147018.
2, 3, 17024503
List the prime factors of 105129283.
7, 15018469
What are the prime factors of 218020376?
2, 7, 17, 29, 53, 149
List the prime factors of 185338750.
2, 5, 67, 2213
What are the prime factors of 56645338?
2, 109, 259841
What are the prime factors of 345627221?
17, 239, 257, 331
What are the prime factors of 5888564433?
3, 613, 355783
What are the prime factors of 194074896?
2, 3, 607, 6661
What are the prime factors of 1274918886?
2, 3, 19, 1242611
List the prime factors of 3053882903.
29, 7253, 14519
List the prime factors of 87872433.
3, 11, 277, 9613
List the prime factors of 1808883365.
5, 43, 8413411
List the prime factors of 6016273194.
2, 3, 1002712199
What are the prime factors of 45505808?
2, 1321, 2153
List the prime factors of 112962174.
2, 3, 13, 457, 3169
What are the prime factors of 3120981465?
3, 5, 7, 17, 113, 15473
List the prime factors of 73159990.
2, 5, 41, 178439
List the prime factors of 358652988.
2, 3, 37, 89753
List the prime factors of 217295308.
2, 54323827
What are the prime factors of 238574131?
238574131
What are the prime factors of 75888117?
3, 2810671
List the prime factors of 6100078932.
2, 3, 169446637
List the prime factors of 1094834249.
313, 3497873
What are the prime factors of 501184880?
2, 5, 7, 894973
List the prime factors of 101392680.
2, 3, 5, 59, 14321
What are the prime factors of 450593236?
2, 5519, 20411
What are the prime factors of 1563717354?
2, 3, 47, 163, 34019
What are the prime factors of 40481262?
2, 3, 749653
What are the prime factors of 632006001?
3, 11, 6383899
List the prime factors of 40507046.
2, 733, 27631
List the prime factors of 70630909.
70630909
What are the prime factors of 602811506?
2, 11, 53, 516991
What are the prime factors of 511461120?
2, 3, 5, 23, 5791
List the prime factors of 7099912.
2, 61, 14549
List the prime factors of 13428707.
13428707
List the prime factors of 2115583865.
5, 423116773
What are the prime factors of 499829926?
2, 31, 8061773
What are the prime factors of 44244631?
59, 749909
What are the prime factors of 1445615427?
3, 481871809
List the prime factors of 3824124144.
2, 3, 79669253
What are the prime factors of 530788342?
2, 7, 23, 179, 9209
List the prime factors of 1289119697.
337, 3825281
List the prime factors of 86191887.
3, 17, 173, 9769
List the prime factors of 570730416.
2, 3, 103, 241, 479
List the prime factors of 680919.
3, 59, 3847
List the prime factors of 219494853.
3, 41, 22031
What are the prime factors of 4371450867?
3, 7, 107, 92641
List the prime factors of 1894261412.
2, 473565353
What are the prime factors of 4895809997?
13, 67, 5620907
What are the prime factors of 6302997087?
3, 47, 44702107
List the prime factors of 13853988.
2, 3, 53, 137
List the prime factors of 4167944348.
2, 19, 54841373
What are the prime factors of 737036204?
2, 184259051
List the prime factors of 73264209.
3, 19, 103, 12479
What are the prime factors of 522661676?
2, 130665419
List the prime factors of 4580451532.
2, 409, 2799787
What are the prime factors of 312980398?
2, 156490199
What are the prime factors of 5484440155?
5, 19, 61, 49811
List the prime factors of 444554753.
444554753
List the prime factors of 2050580005.
5, 410116001
List the prime factors of 209083542.
2, 3, 47, 741431
What are the prime factors of 223995659?
223995659
List the prime factors of 31643893.
31643893
What are the prime factors of 814817542?
2, 7, 11, 5291023
What are the prime factors of 24649795?
5, 61, 80819
What are the prime factors of 279117907?
279117907
What are the prime factors of 505944429?
3, 17, 9920479
What are the prime factors of 32331898?
2, 16165949
List the prime factors of 45242200.
2, 5, 47, 4813
List the prime factors of 52821983.
52821983
What are the prime factors of 4387012353?
3, 19, 977, 8753
List the prime factors of 2099298.
2, 3, 439, 797
List the prime factors of 564140421.
3, 13, 421, 881
List the prime factors of 2187112999.
43, 53, 959681
What are the prime factors of 666756816?
2, 3, 11, 19, 66463
List the prime factors of 144324052.
2, 83, 113, 3847
List the prime factors of 400651177.
400651177
List the prime factors of 50234832.
2, 3, 131, 2663
List the prime factors of 202173986.
2, 7, 14440999
List the prime factors of 216963574.
2, 277, 391631
What are the prime factors of 28737045?
3, 5, 212867
List the prime factors of 61754415.
3, 5, 59, 69779
List the prime factors of 1671655727.
7, 181, 188483
What are the prime factors of 280872592?
2, 7, 11, 13, 19, 71
List the prime factors of 10200739.
19, 47, 11423
What are the prime factors of 981539778?
2, 3, 17, 271, 35509
List the prime factors of 2697210445.
5, 1373, 392893
List the prime factors of 32659360.
2, 5, 43, 47, 101
What are the prime factors of 557185439?
29, 59, 137, 2377
List the prime factors of 305035116.
2, 3, 79, 4073
What are the prime factors of 96608235?
3, 5, 6440549
What are the prime factors of 292543408?
2, 2339, 7817
What are the prime factors of 710595746?
2, 7, 659, 11003
List the prime factors of 498773060.
2, 5, 359, 69467
What are the prime factors of 32023080?
2, 3, 5, 149, 199
What are the prime factors of 593557637?
173, 809, 4241
What are the prime factors of 1317305804?
2, 329326451
List the prime factors of 293813330.
2, 5, 409, 71837
What are the prime factors of 1220516154?
2, 3, 11, 13, 179, 883
What are the prime factors of 4761235249?
41, 139, 835451
List the prime factors of 1681996254.
2, 3, 280332709
List the prime factors of 1163144116.
2, 290786029
List the prime factors of 209369727.
3, 7, 1823
List the prime factors of 170330039.
11, 15484549
What are the prime factors of 86681388?
2, 3, 23, 314063
What are the prime factors of 22896760?
2, 5, 572419
What are the prime factors of 448044129?
3, 13, 17, 103
What are the prime factors of 476424646?
2, 59, 103, 39199
What are the prime factors of 87055452?
2, 3, 11, 127, 577
List the prime factors of 311321038.
2, 7, 2659, 8363
What are the prime factors of 6151273943?
47, 130878169
List the prime factors of 3309677170.
2, 5, 330967717
What are the prime factors of 633695090?
2, 5, 7, 9052787
List the prime factors of 519667906.
2, 61, 431, 9883
What are the prime factors of 456049834?
2, 73, 3123629
List the prime factors of 1041983975.
5, 17, 53, 167, 277
What are the prime factors of 175423960?
2, 5, 19, 71, 3251
List the prime factors of 96800519.
191, 506809
What are the prime factors of 169385716?
2, 42346429
List the prime factors of 366289888.
2, 17, 673327
List the prime factors of 303574802.
2, 10651, 14251
What are the prime factors of 68841159?
3, 2693, 8521
What are the prime factors of 2928821053?
283, 10349191
What are the prime factors of 21027098?
2, 10513549
List th